
3, 11, 17, 73
List the prime factors of 435488.
2, 31, 439
List the prime factors of 7850980.
2, 5, 392549
List the prime factors of 87429.
3, 151, 193
What are the prime factors of 1655625?
3, 5, 883
List the prime factors of 517113.
3, 57457
What are the prime factors of 1736310?
2, 3, 5, 31, 1867
List the prime factors of 6395676.
2, 3, 7, 73, 149
List the prime factors of 431772.
2, 3, 11, 3271
List the prime factors of 1290748.
2, 151, 2137
List the prime factors of 1390378.
2, 11, 63199
List the prime factors of 5162879.
23, 224473
List the prime factors of 233601.
3, 77867
What are the prime factors of 104839?
7, 17, 881
What are the prime factors of 2124475?
5, 84979
List the prime factors of 431028.
2, 3, 13, 307
What are the prime factors of 3627593?
1543, 2351
What are the prime factors of 5702634?
2, 3, 7, 45259
What are the prime factors of 9717308?
2, 83, 29269
List the prime factors of 1642251.
3, 13, 17, 2477
List the prime factors of 319089.
3, 106363
List the prime factors of 250052.
2, 11, 5683
What are the prime factors of 16303?
7, 17, 137
List the prime factors of 491256.
2, 3, 6823
What are the prime factors of 9989791?
7, 139, 10267
What are the prime factors of 10567074?
2, 3, 7, 23, 10939
What are the prime factors of 3429829?
13, 23, 11471
What are the prime factors of 1297298?
2, 648649
What are the prime factors of 3125402?
2, 7, 223243
What are the prime factors of 20098692?
2, 3, 17, 41, 89
List the prime factors of 61144.
2, 7643
List the prime factors of 1190006.
2, 595003
List the prime factors of 85115.
5, 29, 587
List the prime factors of 5235095.
5, 47, 22277
What are the prime factors of 2306354?
2, 1153177
What are the prime factors of 3272?
2, 409
What are the prime factors of 325732?
2, 11, 673
List the prime factors of 2733799.
2733799
List the prime factors of 953191.
953191
List the prime factors of 488881.
37, 73, 181
What are the prime factors of 95426?
2, 47713
List the prime factors of 10831793.
7, 443, 499
List the prime factors of 247603.
247603
What are the prime factors of 1239780?
2, 3, 5, 20663
What are the prime factors of 388534?
2, 194267
List the prime factors of 51701.
13, 41, 97
List the prime factors of 872095.
5, 7, 24917
List the prime factors of 3574531.
3574531
List the prime factors of 4525419.
3, 1508473
List the prime factors of 4294774.
2, 11, 17747
What are the prime factors of 5601756?
2, 3, 29, 16097
List the prime factors of 20122257.
3, 809, 8291
What are the prime factors of 249798?
2, 3, 17, 31, 79
What are the prime factors of 758053?
758053
What are the prime factors of 1163813?
7, 166259
List the prime factors of 514279.
103, 4993
List the prime factors of 5569445.
5, 7, 227, 701
What are the prime factors of 4988512?
2, 155891
What are the prime factors of 1487327?
43, 34589
What are the prime factors of 10667417?
19, 73, 7691
List the prime factors of 433216.
2, 7, 967
List the prime factors of 717137.
149, 4813
List the prime factors of 179955.
3, 5, 31, 43
What are the prime factors of 151311?
3, 31, 1627
What are the prime factors of 2054968?
2, 61, 4211
What are the prime factors of 259479?
3, 11, 2621
List the prime factors of 141540.
2, 3, 5, 7, 337
List the prime factors of 8550618.
2, 3, 23, 61961
What are the prime factors of 225814?
2, 23, 4909
List the prime factors of 1546096.
2, 71, 1361
What are the prime factors of 470068?
2, 117517
What are the prime factors of 1085632?
2, 16963
What are the prime factors of 6319409?
43, 281, 523
List the prime factors of 1254818.
2, 31, 37, 547
List the prime factors of 203149.
53, 3833
List the prime factors of 1381049.
107, 12907
List the prime factors of 4979205.
3, 5, 7, 11, 479
What are the prime factors of 726839?
726839
List the prime factors of 217680.
2, 3, 5, 907
List the prime factors of 185424.
2, 3, 3863
List the prime factors of 494801.
37, 43, 311
List the prime factors of 2568842.
2, 1284421
List the prime factors of 1678032.
2, 3, 43, 271
List the prime factors of 444543.
3, 11, 19, 709
List the prime factors of 97972.
2, 7, 3499
What are the prime factors of 4536532?
2, 7, 11, 13, 103
What are the prime factors of 84850?
2, 5, 1697
What are the prime factors of 8430656?
2, 13, 10133
List the prime factors of 476276.
2, 119069
What are the prime factors of 5950389?
3, 1983463
List the prime factors of 1832729.
409, 4481
List the prime factors of 899936.
2, 28123
What are the prime factors of 33136118?
2, 41, 404099
What are the prime factors of 145610?
2, 5, 14561
List the prime factors of 108336.
2, 3, 37, 61
What are the prime factors of 35554234?
2, 1277, 13921
List the prime factors of 1691201.
47, 35983
What are the prime factors of 23079979?
13, 137, 12959
List the prime factors of 5196818.
2, 11, 236219
What are the prime factors of 308797?
109, 2833
What are the prime factors of 443302?
2, 23, 419
What are the prime factors of 10703483?
7, 1529069
What are the prime factors of 1508588?
2, 377147
What are the prime factors of 749135?
5, 149827
List the prime factors of 8778040.
2, 5, 219451
List the prime factors of 204742.
2, 167, 613
What are the prime factors of 1453149?
3, 161461
What are the prime factors of 1880833?
1880833
List the prime factors of 373655.
5, 74731
What are the prime factors of 24886060?
2, 5, 29, 107, 401
What are the prime factors of 5795950?
2, 5, 19, 6101
List the prime factors of 172752.
2, 3, 59, 61
What are the prime factors of 226524?
2, 3, 43, 439
List the prime factors of 1418605.
5, 283721
List the prime factors of 1781257.
1231, 1447
What are the prime factors of 1148602?
2, 7, 13, 6311
What are the prime factors of 34?
2, 17
What are the prime factors of 1018278?
2, 3, 109, 173
What are the prime factors of 4830722?
2, 13, 185797
List the prime factors of 101820.
2, 3, 5, 1697
What are the prime factors of 744834?
2, 3, 124139
What are the prime factors of 3523966?
2, 47, 37489
List the prime factors of 9763446.
2, 3, 7, 11, 3019
List the prime factors of 14213547.
3, 17, 92899
What are the prime factors of 1977242?
2, 31, 31891
What are the prime factors of 9484323?
3, 317, 9973
List the prime factors of 873439.
7, 124777
What are the prime factors of 1307233?
29, 45077
What are the prime factors of 167904?
2, 3, 11, 53
List the prime factors of 1213846.
2, 41, 113, 131
What are the prime factors of 166691?
7, 23813
List the prime factors of 831833.
499, 1667
List the prime factors of 782778.
2, 3, 283, 461
What are the prime factors of 22865?
5, 17, 269
What are the prime factors of 126964?
2, 31741
What are the prime factors of 987681?
3, 71, 4637
List the prime factors of 173257.
7, 53, 467
What are the prime factors of 8220272?
2, 513767
List the prime factors of 14251275.
3, 5, 43, 491
List the prime factors of 468559.
7, 13, 19, 271
What are the prime factors of 13026953?
13026953
What are the prime factors of 639133?
11, 97, 599
What are the prime factors of 2673805?
5, 37, 97, 149
List the prime factors of 1199654.
2, 109, 5503
What are the prime factors of 39721?
11, 23, 157
List the prime factors of 4451968.
2, 34781
What are the prime factors of 474914?
2, 11, 21587
What are the prime factors of 1330864?
2, 223, 373
What are the prime factors of 2608250?
2, 5, 10433
List the prime factors of 758210.
2, 5, 75821
What are the prime factors of 38175?
3, 5, 509
List the prime factors of 28297253.
28297253
List the prime factors of 2681078.
2, 59, 22721
List the prime factors of 339321.
3, 19, 5953
What are the prime factors of 222372?
2, 3, 29, 71
List the prime factors of 249698.
2, 19, 6571
List the prime factors of 46209.
3, 73, 211
List the prime factors of 9063221.
71, 107, 1193
What are the prime factors of 353795?
5, 13, 5443
What are the prime factors of 144319?
7, 53, 389
What are the prime factors of 537433?
13, 41341
List the prime factors of 579923.
307, 1889
What are the prime factors of 23195550?
2, 3, 5, 7, 22091
List the prime factors of 605875.
5, 37, 131
What are the prime factors of 5537315?
5, 7, 158209
List the prime factors of 280548.
2, 3, 7793
List the prime factors of 1471092.
2, 3, 7, 83, 211
List the prime factors of 88029.
3, 9781
What are the prime factors of 5626251?
3, 233, 2683
What are the prime factors of 2